{"id":8317,"date":"2018-08-10T10:43:15","date_gmt":"2018-08-10T16:43:15","guid":{"rendered":"http:\/\/www.utch.edu.mx\/?page_id=8317"},"modified":"2021-03-01T22:43:48","modified_gmt":"2021-03-02T05:43:48","slug":"prodep","status":"publish","type":"page","link":"https:\/\/www.utch.edu.mx\/index.php\/prodep\/","title":{"rendered":"PRODEP 2017"},"content":{"rendered":"\t\t<div data-elementor-type=\"wp-post\" data-elementor-id=\"8317\" class=\"elementor elementor-8317\">\n\t\t\t\t\t\t<section class=\"elementor-section elementor-top-section elementor-element elementor-element-c5f1573 elementor-section-boxed elementor-section-height-default elementor-section-height-default\" data-id=\"c5f1573\" data-element_type=\"section\">\n\t\t\t\t\t\t<div class=\"elementor-container elementor-column-gap-default\">\n\t\t\t\t\t<div class=\"elementor-column elementor-col-100 elementor-top-column elementor-element elementor-element-745e17c\" data-id=\"745e17c\" data-element_type=\"column\">\n\t\t\t<div class=\"elementor-widget-wrap elementor-element-populated\">\n\t\t\t\t\t\t<div class=\"elementor-element elementor-element-37bd7d1 elementor-widget elementor-widget-heading\" data-id=\"37bd7d1\" data-element_type=\"widget\" data-widget_type=\"heading.default\">\n\t\t\t\t<div class=\"elementor-widget-container\">\n\t\t\t\t\t<h2 class=\"elementor-heading-title elementor-size-default\">Contralor\u00eda Social 2018 del Programa para el Desarrollo Profesional Docente (PRODEP) 2017<\/h2>\t\t\t\t<\/div>\n\t\t\t\t<\/div>\n\t\t\t\t\t<\/div>\n\t\t<\/div>\n\t\t\t\t\t<\/div>\n\t\t<\/section>\n\t\t\t\t<section class=\"elementor-section elementor-top-section elementor-element elementor-element-8a29398 elementor-section-boxed elementor-section-height-default elementor-section-height-default\" data-id=\"8a29398\" data-element_type=\"section\">\n\t\t\t\t\t\t<div class=\"elementor-container elementor-column-gap-default\">\n\t\t\t\t\t<div class=\"elementor-column elementor-col-100 elementor-top-column elementor-element elementor-element-a755cb4\" data-id=\"a755cb4\" data-element_type=\"column\">\n\t\t\t<div class=\"elementor-widget-wrap elementor-element-populated\">\n\t\t\t\t\t\t<div class=\"elementor-element elementor-element-af3d32e elementor-widget elementor-widget-accordion\" data-id=\"af3d32e\" data-element_type=\"widget\" data-widget_type=\"accordion.default\">\n\t\t\t\t<div class=\"elementor-widget-container\">\n\t\t\t\t\t\t\t<div class=\"elementor-accordion\">\n\t\t\t\t\t\t\t<div class=\"elementor-accordion-item\">\n\t\t\t\t\t<div id=\"elementor-tab-title-1831\" class=\"elementor-tab-title\" data-tab=\"1\" role=\"button\" aria-controls=\"elementor-tab-content-1831\" aria-expanded=\"false\">\n\t\t\t\t\t\t\t\t\t\t\t\t\t<span class=\"elementor-accordion-icon elementor-accordion-icon-left\" aria-hidden=\"true\">\n\t\t\t\t\t\t\t\t\t\t\t\t\t\t\t<span class=\"elementor-accordion-icon-closed\"><i class=\"fas fa-plus\"><\/i><\/span>\n\t\t\t\t\t\t\t\t<span class=\"elementor-accordion-icon-opened\"><i class=\"fas fa-minus\"><\/i><\/span>\n\t\t\t\t\t\t\t\t\t\t\t\t\t\t<\/span>\n\t\t\t\t\t\t\t\t\t\t\t\t<a class=\"elementor-accordion-title\" tabindex=\"0\">Documentos<\/a>\n\t\t\t\t\t<\/div>\n\t\t\t\t\t<div id=\"elementor-tab-content-1831\" class=\"elementor-tab-content elementor-clearfix\" data-tab=\"1\" role=\"region\" aria-labelledby=\"elementor-tab-title-1831\"><ol><li><a href=\"http:\/\/www.utch.edu.mx\/wp-content\/uploads\/2018\/08\/ESQUEMA-DE-PRODEP-2017.pdf\" target=\"_blank\" rel=\"noopener\">Esquema<\/a><\/li><li><a href=\"http:\/\/www.utch.edu.mx\/wp-content\/uploads\/2018\/08\/GUIA-OPERATIVA-PRODEP-2018.pdf\" target=\"_blank\" rel=\"noopener\">Gu\u00eda Operativa<\/a><\/li><li><a href=\"http:\/\/www.utch.edu.mx\/wp-content\/uploads\/2018\/08\/PATCS-PRODEP-IN-JUL-2018.pdf\" target=\"_blank\" rel=\"noopener\">Programa Anual de Trabajo de Contralor\u00eda Social PACTS<\/a><\/li><li><a href=\"http:\/\/www.utch.edu.mx\/wp-content\/uploads\/2018\/08\/PECTS-UTCH-VALIDADO-Y-FIRMADO.pdf\" target=\"_blank\" rel=\"noopener\">Programa Estatal de Trabajo de Contralor\u00eda Social (PETCS)<\/a><\/li><\/ol><\/div>\n\t\t\t\t<\/div>\n\t\t\t\t\t\t\t<div class=\"elementor-accordion-item\">\n\t\t\t\t\t<div id=\"elementor-tab-title-1832\" class=\"elementor-tab-title\" data-tab=\"2\" role=\"button\" aria-controls=\"elementor-tab-content-1832\" aria-expanded=\"false\">\n\t\t\t\t\t\t\t\t\t\t\t\t\t<span class=\"elementor-accordion-icon elementor-accordion-icon-left\" aria-hidden=\"true\">\n\t\t\t\t\t\t\t\t\t\t\t\t\t\t\t<span class=\"elementor-accordion-icon-closed\"><i class=\"fas fa-plus\"><\/i><\/span>\n\t\t\t\t\t\t\t\t<span class=\"elementor-accordion-icon-opened\"><i class=\"fas fa-minus\"><\/i><\/span>\n\t\t\t\t\t\t\t\t\t\t\t\t\t\t<\/span>\n\t\t\t\t\t\t\t\t\t\t\t\t<a class=\"elementor-accordion-title\" tabindex=\"0\">Formatos<\/a>\n\t\t\t\t\t<\/div>\n\t\t\t\t\t<div id=\"elementor-tab-content-1832\" class=\"elementor-tab-content elementor-clearfix\" data-tab=\"2\" role=\"region\" aria-labelledby=\"elementor-tab-title-1832\"><ol><li><a href=\"http:\/\/www.utch.edu.mx\/wp-content\/uploads\/2018\/08\/Anexo-2-MINUTA-DE-REUNIO\u0301N.docx\" target=\"_blank\" rel=\"noopener\">Minuta de Reuni\u00f3n<\/a><\/li><li><a href=\"http:\/\/www.utch.edu.mx\/wp-content\/uploads\/2018\/08\/Anexo-3-ACTA-DE-REGISTRO.docx\" target=\"_blank\" rel=\"noopener\">Acta de Registro del Comit\u00e9 de Contralor\u00eda Social<\/a><\/li><li><a href=\"http:\/\/www.utch.edu.mx\/wp-content\/uploads\/2018\/08\/Anexo-4-ACTA-DE-SUSTITUCIO\u0301N.docx\" target=\"_blank\" rel=\"noopener\">Acta de Sustituci\u00f3n de un Integrante del Comit\u00e9<\/a><\/li><li><a href=\"http:\/\/www.utch.edu.mx\/wp-content\/uploads\/2018\/08\/Anexo-5-SOLICITUD-DE-INFORMACIO\u0301N.docx\" target=\"_blank\" rel=\"noopener\">Solicitud de Informaci\u00f3n<\/a><\/li><li><a href=\"http:\/\/www.utch.edu.mx\/wp-content\/uploads\/2018\/12\/A-6-INFORME-FINAL-PRODEP-VALIDADO.pdf\" target=\"_blank\" rel=\"noopener\">Informe del Comit\u00e9 de Contralor\u00eda Social<\/a><\/li><li><a href=\"http:\/\/www.utch.edu.mx\/wp-content\/uploads\/2018\/08\/Anexo-7-QUEJAS-Y-DENUNCIAS.xlsx\" target=\"_blank\" rel=\"noopener\">C\u00e9dula de Quejas y Denuncias<\/a><\/li><\/ol><\/div>\n\t\t\t\t<\/div>\n\t\t\t\t\t\t\t<div class=\"elementor-accordion-item\">\n\t\t\t\t\t<div id=\"elementor-tab-title-1833\" class=\"elementor-tab-title\" data-tab=\"3\" role=\"button\" aria-controls=\"elementor-tab-content-1833\" aria-expanded=\"false\">\n\t\t\t\t\t\t\t\t\t\t\t\t\t<span class=\"elementor-accordion-icon elementor-accordion-icon-left\" aria-hidden=\"true\">\n\t\t\t\t\t\t\t\t\t\t\t\t\t\t\t<span class=\"elementor-accordion-icon-closed\"><i class=\"fas fa-plus\"><\/i><\/span>\n\t\t\t\t\t\t\t\t<span class=\"elementor-accordion-icon-opened\"><i class=\"fas fa-minus\"><\/i><\/span>\n\t\t\t\t\t\t\t\t\t\t\t\t\t\t<\/span>\n\t\t\t\t\t\t\t\t\t\t\t\t<a class=\"elementor-accordion-title\" tabindex=\"0\">Manuales<\/a>\n\t\t\t\t\t<\/div>\n\t\t\t\t\t<div id=\"elementor-tab-content-1833\" class=\"elementor-tab-content elementor-clearfix\" data-tab=\"3\" role=\"region\" aria-labelledby=\"elementor-tab-title-1833\"><ol><li><a href=\"http:\/\/www.utch.edu.mx\/wp-content\/uploads\/2018\/08\/Manual%20SICS%20Instancia%20Ejecutora.pdf\" target=\"_blank\" rel=\"noopener\">Manual de Usuario del SICS para Instancias Ejecutoras<\/a><\/li><\/ol><\/div>\n\t\t\t\t<\/div>\n\t\t\t\t\t\t\t<div class=\"elementor-accordion-item\">\n\t\t\t\t\t<div id=\"elementor-tab-title-1834\" class=\"elementor-tab-title\" data-tab=\"4\" role=\"button\" aria-controls=\"elementor-tab-content-1834\" aria-expanded=\"false\">\n\t\t\t\t\t\t\t\t\t\t\t\t\t<span class=\"elementor-accordion-icon elementor-accordion-icon-left\" aria-hidden=\"true\">\n\t\t\t\t\t\t\t\t\t\t\t\t\t\t\t<span class=\"elementor-accordion-icon-closed\"><i class=\"fas fa-plus\"><\/i><\/span>\n\t\t\t\t\t\t\t\t<span class=\"elementor-accordion-icon-opened\"><i class=\"fas fa-minus\"><\/i><\/span>\n\t\t\t\t\t\t\t\t\t\t\t\t\t\t<\/span>\n\t\t\t\t\t\t\t\t\t\t\t\t<a class=\"elementor-accordion-title\" tabindex=\"0\">Marco Normativo<\/a>\n\t\t\t\t\t<\/div>\n\t\t\t\t\t<div id=\"elementor-tab-content-1834\" class=\"elementor-tab-content elementor-clearfix\" data-tab=\"4\" role=\"region\" aria-labelledby=\"elementor-tab-title-1834\"><ol><li><a href=\"http:\/\/www.utch.edu.mx\/wp-content\/uploads\/2018\/08\/LEYGRALDESO.pdf\" target=\"_blank\" rel=\"noopener\">Ley General de Desarrollo Social<\/a><\/li><li><a href=\"http:\/\/www.utch.edu.mx\/wp-content\/uploads\/2018\/08\/ReglamentoLeyGDS.pdf\" target=\"_blank\" rel=\"noopener\">Reglamento de la Ley General de Desarrollo Social<\/a><\/li><li><a href=\"http:\/\/www.utch.edu.mx\/wp-content\/uploads\/2018\/08\/Lineamientos-Contralori\u0301a-Social.pdf\" target=\"_blank\" rel=\"noopener\">Lineamientos Para la Promoci\u00f3n y Operaci\u00f3n de la Contralor\u00eda Social en los Programas Federales de Desarrollo Social, 28-Octubre-2016<\/a><\/li><li><a href=\"http:\/\/www.utch.edu.mx\/wp-content\/uploads\/2018\/08\/ReglasPRODEP_2016.pdf\" target=\"_blank\" rel=\"noopener\">Reglas de Operaci\u00f3n del PRODEP 2017, diciembre de 2016<\/a><\/li><\/ol><\/div>\n\t\t\t\t<\/div>\n\t\t\t\t\t\t\t<div class=\"elementor-accordion-item\">\n\t\t\t\t\t<div id=\"elementor-tab-title-1835\" class=\"elementor-tab-title\" data-tab=\"5\" role=\"button\" aria-controls=\"elementor-tab-content-1835\" aria-expanded=\"false\">\n\t\t\t\t\t\t\t\t\t\t\t\t\t<span class=\"elementor-accordion-icon elementor-accordion-icon-left\" aria-hidden=\"true\">\n\t\t\t\t\t\t\t\t\t\t\t\t\t\t\t<span class=\"elementor-accordion-icon-closed\"><i class=\"fas fa-plus\"><\/i><\/span>\n\t\t\t\t\t\t\t\t<span class=\"elementor-accordion-icon-opened\"><i class=\"fas fa-minus\"><\/i><\/span>\n\t\t\t\t\t\t\t\t\t\t\t\t\t\t<\/span>\n\t\t\t\t\t\t\t\t\t\t\t\t<a class=\"elementor-accordion-title\" tabindex=\"0\">Difusi\u00f3n<\/a>\n\t\t\t\t\t<\/div>\n\t\t\t\t\t<div id=\"elementor-tab-content-1835\" class=\"elementor-tab-content elementor-clearfix\" data-tab=\"5\" role=\"region\" aria-labelledby=\"elementor-tab-title-1835\"><ol><li><a href=\"http:\/\/www.utch.edu.mx\/wp-content\/uploads\/2019\/01\/tripticovalidado.jpg\" target=\"_blank\" rel=\"noopener\">Tr\u00edptico de Contralor\u00eda Social<\/a><\/li><li><a href=\"http:\/\/www.utch.edu.mx\/wp-content\/uploads\/2018\/08\/Base-responsables-CS-PRODEP.xlsx\" target=\"_blank\" rel=\"noopener\">Base de datos de CS 2018<\/a><\/li><li><a href=\"http:\/\/www.utch.edu.mx\/wp-content\/uploads\/2018\/08\/METODOLOGIA-DE-LA-CAP-IE-2018.docx\" target=\"_blank\" rel=\"noopener\">Metodolog\u00eda de la Capacitaci\u00f3n <\/a><\/li><li><a href=\"http:\/\/www.utch.edu.mx\/wp-content\/uploads\/2018\/08\/GUION-PAG-CGUTYP-CS-PRODEP-JUL-2018.docx\" target=\"_blank\" rel=\"noopener\">Gui\u00f3n de la p\u00e1gina de la universidad<\/a><\/li><\/ol><\/div>\n\t\t\t\t<\/div>\n\t\t\t\t\t\t\t<div class=\"elementor-accordion-item\">\n\t\t\t\t\t<div id=\"elementor-tab-title-1836\" class=\"elementor-tab-title\" data-tab=\"6\" role=\"button\" aria-controls=\"elementor-tab-content-1836\" aria-expanded=\"false\">\n\t\t\t\t\t\t\t\t\t\t\t\t\t<span class=\"elementor-accordion-icon elementor-accordion-icon-left\" aria-hidden=\"true\">\n\t\t\t\t\t\t\t\t\t\t\t\t\t\t\t<span class=\"elementor-accordion-icon-closed\"><i class=\"fas fa-plus\"><\/i><\/span>\n\t\t\t\t\t\t\t\t<span class=\"elementor-accordion-icon-opened\"><i class=\"fas fa-minus\"><\/i><\/span>\n\t\t\t\t\t\t\t\t\t\t\t\t\t\t<\/span>\n\t\t\t\t\t\t\t\t\t\t\t\t<a class=\"elementor-accordion-title\" tabindex=\"0\">Quejas y Denuncias<\/a>\n\t\t\t\t\t<\/div>\n\t\t\t\t\t<div id=\"elementor-tab-content-1836\" class=\"elementor-tab-content elementor-clearfix\" data-tab=\"6\" role=\"region\" aria-labelledby=\"elementor-tab-title-1836\"><ol><li><a href=\"http:\/\/www.utch.edu.mx\/wp-content\/uploads\/2018\/08\/Atencion-CD-SFP.docx\" target=\"_blank\" rel=\"noopener\">Atenci\u00f3n Ciudadana de la Secretar\u00eda de la Funci\u00f3n P\u00fablica (SFP)<\/a><\/li><li><a href=\"http:\/\/www.utch.edu.mx\/wp-content\/uploads\/2018\/08\/AtencionCGUTyP-PRODEP-JUL-2018.docx\" target=\"_blank\" rel=\"noopener\">Atenci\u00f3n de la Coordinaci\u00f3n General de Universidades Tecnol\u00f3gicas y Polit\u00e9cnicas (CGUTyP)<\/a><\/li><\/ol><\/div>\n\t\t\t\t<\/div>\n\t\t\t\t\t\t\t<div class=\"elementor-accordion-item\">\n\t\t\t\t\t<div id=\"elementor-tab-title-1837\" class=\"elementor-tab-title\" data-tab=\"7\" role=\"button\" aria-controls=\"elementor-tab-content-1837\" aria-expanded=\"false\">\n\t\t\t\t\t\t\t\t\t\t\t\t\t<span class=\"elementor-accordion-icon elementor-accordion-icon-left\" aria-hidden=\"true\">\n\t\t\t\t\t\t\t\t\t\t\t\t\t\t\t<span class=\"elementor-accordion-icon-closed\"><i class=\"fas fa-plus\"><\/i><\/span>\n\t\t\t\t\t\t\t\t<span class=\"elementor-accordion-icon-opened\"><i class=\"fas fa-minus\"><\/i><\/span>\n\t\t\t\t\t\t\t\t\t\t\t\t\t\t<\/span>\n\t\t\t\t\t\t\t\t\t\t\t\t<a class=\"elementor-accordion-title\" tabindex=\"0\">Informe<\/a>\n\t\t\t\t\t<\/div>\n\t\t\t\t\t<div id=\"elementor-tab-content-1837\" class=\"elementor-tab-content elementor-clearfix\" data-tab=\"7\" role=\"region\" aria-labelledby=\"elementor-tab-title-1837\"><ol><li><a href=\"http:\/\/www.utch.edu.mx\/wp-content\/uploads\/2019\/01\/A-6-INFORME-FINAL-PRODEP-VALIDADO.pdf\">Informe PRODEP<\/a><\/li><\/ol><\/div>\n\t\t\t\t<\/div>\n\t\t\t\t\t\t\t<div class=\"elementor-accordion-item\">\n\t\t\t\t\t<div id=\"elementor-tab-title-1838\" class=\"elementor-tab-title\" data-tab=\"8\" role=\"button\" aria-controls=\"elementor-tab-content-1838\" aria-expanded=\"false\">\n\t\t\t\t\t\t\t\t\t\t\t\t\t<span class=\"elementor-accordion-icon elementor-accordion-icon-left\" aria-hidden=\"true\">\n\t\t\t\t\t\t\t\t\t\t\t\t\t\t\t<span class=\"elementor-accordion-icon-closed\"><i class=\"fas fa-plus\"><\/i><\/span>\n\t\t\t\t\t\t\t\t<span class=\"elementor-accordion-icon-opened\"><i class=\"fas fa-minus\"><\/i><\/span>\n\t\t\t\t\t\t\t\t\t\t\t\t\t\t<\/span>\n\t\t\t\t\t\t\t\t\t\t\t\t<a class=\"elementor-accordion-title\" tabindex=\"0\">Directorio<\/a>\n\t\t\t\t\t<\/div>\n\t\t\t\t\t<div id=\"elementor-tab-content-1838\" class=\"elementor-tab-content elementor-clearfix\" data-tab=\"8\" role=\"region\" aria-labelledby=\"elementor-tab-title-1838\"><ol><li><a href=\"http:\/\/www.utch.edu.mx\/wp-content\/uploads\/2018\/08\/Directorio-CGUTyP-PRODEP.docx\" target=\"_blank\" rel=\"noopener\">Instancia Normativa<\/a><\/li><li><a href=\"http:\/\/www.utch.edu.mx\/wp-content\/uploads\/2018\/08\/DIRECTORIO-RESP-CS-2018-PRODEP-2017.xlsx\" target=\"_blank\" rel=\"noopener\">Instancia Ejecutora<\/a><\/li><li><a href=\"http:\/\/www.utch.edu.mx\/wp-content\/uploads\/2018\/08\/Directorio-de-Enlaces-de-CS-OEC-3-ABRIL-2018.xlsx\" target=\"_blank\" rel=\"noopener\">Responsables de la Contralor\u00eda Social en los \u00d3rganos Estatales de Control (OEC)<\/a><\/li><\/ol><\/div>\n\t\t\t\t<\/div>\n\t\t\t\t\t\t\t\t<\/div>\n\t\t\t\t\t\t<\/div>\n\t\t\t\t<\/div>\n\t\t\t\t\t<\/div>\n\t\t<\/div>\n\t\t\t\t\t<\/div>\n\t\t<\/section>\n\t\t\t\t<section class=\"elementor-section elementor-top-section elementor-element elementor-element-34d53cb elementor-section-boxed elementor-section-height-default elementor-section-height-default\" data-id=\"34d53cb\" data-element_type=\"section\">\n\t\t\t\t\t\t<div class=\"elementor-container elementor-column-gap-default\">\n\t\t\t\t\t<div class=\"elementor-column elementor-col-100 elementor-top-column elementor-element elementor-element-5359ca9\" data-id=\"5359ca9\" data-element_type=\"column\">\n\t\t\t<div class=\"elementor-widget-wrap elementor-element-populated\">\n\t\t\t\t\t\t<div class=\"elementor-element elementor-element-5f14e08 elementor-widget elementor-widget-spacer\" data-id=\"5f14e08\" data-element_type=\"widget\" data-widget_type=\"spacer.default\">\n\t\t\t\t<div class=\"elementor-widget-container\">\n\t\t\t\t\t\t\t<div class=\"elementor-spacer\">\n\t\t\t<div class=\"elementor-spacer-inner\"><\/div>\n\t\t<\/div>\n\t\t\t\t\t\t<\/div>\n\t\t\t\t<\/div>\n\t\t\t\t\t<\/div>\n\t\t<\/div>\n\t\t\t\t\t<\/div>\n\t\t<\/section>\n\t\t\t\t<section class=\"elementor-section elementor-top-section elementor-element elementor-element-7a404a7 elementor-section-boxed elementor-section-height-default elementor-section-height-default\" data-id=\"7a404a7\" data-element_type=\"section\">\n\t\t\t\t\t\t<div class=\"elementor-container elementor-column-gap-default\">\n\t\t\t\t\t<div class=\"elementor-column elementor-col-100 elementor-top-column elementor-element elementor-element-6ee5ec1\" data-id=\"6ee5ec1\" data-element_type=\"column\">\n\t\t\t<div class=\"elementor-widget-wrap elementor-element-populated\">\n\t\t\t\t\t\t<div class=\"elementor-element elementor-element-6750f15 elementor-view-framed elementor-shape-circle elementor-position-top elementor-mobile-position-top elementor-widget elementor-widget-icon-box\" data-id=\"6750f15\" data-element_type=\"widget\" data-widget_type=\"icon-box.default\">\n\t\t\t\t<div class=\"elementor-widget-container\">\n\t\t\t\t\t\t\t<div class=\"elementor-icon-box-wrapper\">\n\n\t\t\t\t\t\t<div class=\"elementor-icon-box-icon\">\n\t\t\t\t<span  class=\"elementor-icon\">\n\t\t\t\t<i class=\"fa fa-user\" aria-hidden=\"true\"><\/i>\t\t\t\t<\/span>\n\t\t\t<\/div>\n\t\t\t\n\t\t\t\t\t\t<div class=\"elementor-icon-box-content\">\n\n\t\t\t\t\t\t\t\t\t<h3 class=\"elementor-icon-box-title\">\n\t\t\t\t\t\t<span  >\n\t\t\t\t\t\t\tGuerrero L\u00f3pez D\u00edaz \t\t\t\t\t\t<\/span>\n\t\t\t\t\t<\/h3>\n\t\t\t\t\n\t\t\t\t\t\t\t\t\t<p class=\"elementor-icon-box-description\">\n\t\t\t\t\t\tResponsable de la Contralor\u00eda Social\n<br>614-432-20-00 ext. 1107<br>glopezd@utch.edu.mx<br>guerralopez70@gmail.com\t\t\t\t\t<\/p>\n\t\t\t\t\n\t\t\t<\/div>\n\t\t\t\n\t\t<\/div>\n\t\t\t\t\t\t<\/div>\n\t\t\t\t<\/div>\n\t\t\t\t\t<\/div>\n\t\t<\/div>\n\t\t\t\t\t<\/div>\n\t\t<\/section>\n\t\t\t\t<section class=\"elementor-section elementor-top-section elementor-element elementor-element-2b288bb elementor-section-boxed elementor-section-height-default elementor-section-height-default\" data-id=\"2b288bb\" data-element_type=\"section\">\n\t\t\t\t\t\t<div class=\"elementor-container elementor-column-gap-default\">\n\t\t\t\t\t<div class=\"elementor-column elementor-col-100 elementor-top-column elementor-element elementor-element-37e52c1\" data-id=\"37e52c1\" data-element_type=\"column\">\n\t\t\t<div class=\"elementor-widget-wrap elementor-element-populated\">\n\t\t\t\t\t\t<div class=\"elementor-element elementor-element-a911536 elementor-widget elementor-widget-heading\" data-id=\"a911536\" data-element_type=\"widget\" data-widget_type=\"heading.default\">\n\t\t\t\t<div class=\"elementor-widget-container\">\n\t\t\t\t\t<h5 class=\"elementor-heading-title elementor-size-default\">Este programa es p\u00fablico ajeno a cualquier partido pol\u00edtico. Queda prohibido el uso para fines distintos a los establecidos en el programa. Quien haga uso indebido de los recursos de este programa deber\u00e1 ser denunciado y sancionado con la ley aplicable y ante la autoridad competente.<\/h5>\t\t\t\t<\/div>\n\t\t\t\t<\/div>\n\t\t\t\t\t<\/div>\n\t\t<\/div>\n\t\t\t\t\t<\/div>\n\t\t<\/section>\n\t\t\t\t<\/div>\n\t\t","protected":false},"excerpt":{"rendered":"<p>Contralor\u00eda Social 2018 del Programa para el Desarrollo Profesional Docente (PRODEP) 2017 Documentos Esquema Gu\u00eda Operativa Programa Anual de Trabajo de Contralor\u00eda Social PACTS Programa Estatal de Trabajo de Contralor\u00eda Social (PETCS) Formatos Minuta de Reuni\u00f3n Acta de Registro del Comit\u00e9 de Contralor\u00eda Social Acta de Sustituci\u00f3n de un Integrante del Comit\u00e9 Solicitud de Informaci\u00f3n [&hellip;]<\/p>\n","protected":false},"author":1,"featured_media":0,"parent":0,"menu_order":0,"comment_status":"closed","ping_status":"closed","template":"elementor_header_footer","meta":{"footnotes":""},"class_list":["post-8317","page","type-page","status-publish","hentry"],"jetpack_sharing_enabled":true,"amp_enabled":true,"_links":{"self":[{"href":"https:\/\/www.utch.edu.mx\/index.php\/wp-json\/wp\/v2\/pages\/8317","targetHints":{"allow":["GET"]}}],"collection":[{"href":"https:\/\/www.utch.edu.mx\/index.php\/wp-json\/wp\/v2\/pages"}],"about":[{"href":"https:\/\/www.utch.edu.mx\/index.php\/wp-json\/wp\/v2\/types\/page"}],"author":[{"embeddable":true,"href":"https:\/\/www.utch.edu.mx\/index.php\/wp-json\/wp\/v2\/users\/1"}],"replies":[{"embeddable":true,"href":"https:\/\/www.utch.edu.mx\/index.php\/wp-json\/wp\/v2\/comments?post=8317"}],"version-history":[{"count":0,"href":"https:\/\/www.utch.edu.mx\/index.php\/wp-json\/wp\/v2\/pages\/8317\/revisions"}],"wp:attachment":[{"href":"https:\/\/www.utch.edu.mx\/index.php\/wp-json\/wp\/v2\/media?parent=8317"}],"curies":[{"name":"wp","href":"https:\/\/api.w.org\/{rel}","templated":true}]}}